{"id":116,"date":"2026-03-23T13:27:11","date_gmt":"2026-03-23T12:27:11","guid":{"rendered":"https:\/\/site22.monsitecommeunpro.fr\/?page_id=116"},"modified":"2026-03-23T14:40:23","modified_gmt":"2026-03-23T13:40:23","slug":"sejour-aux-gorges","status":"publish","type":"page","link":"https:\/\/site22.monsitecommeunpro.fr\/?page_id=116","title":{"rendered":"S\u00e9jour aux Gorges"},"content":{"rendered":"\n<h2 class=\"wp-block-heading has-vivid-red-color has-text-color has-link-color wp-elements-5df44ef444f372c48af82a2b7c105b81\">Votre salle de sport pr\u00e9f\u00e9r\u00e9 sera ferm\u00e9 du 14\/05 au 17\/05<\/h2>\n\n\n\n<p><\/p>\n\n\n\n<p class=\"has-text-align-center\">Avec le club comme inform\u00e9 sur les affiches \u00e0 l&rsquo;entr\u00e9e et les mails que l&rsquo;on vous envoy\u00e9 nous serons ferm\u00e9s du jeudi 14 mai au dimanche 17 mai. Mais pour cela nous et ne pas vous laissez sans votre dose sportive de la semaine, nous avons pr\u00e9parer un week-end de dingue, on vous laisse deviner :<\/p>\n\n\n\n<div class=\"wp-block-uagb-countdown uagb-block-13f6d19f\"><div class=\"wp-block-uagb-countdown__box wp-block-uagb-countdown__box-days\"><div role=\"timer\" aria-live=\"off\" class=\"wp-block-uagb-countdown__time wp-block-uagb-countdown__time-days\">&#8211;<\/div><div class=\"wp-block-uagb-countdown__label\">DAYS<\/div><\/div><div class=\"wp-block-uagb-countdown__box wp-block-uagb-countdown__box-hours\"><div role=\"timer\" aria-live=\"off\" class=\"wp-block-uagb-countdown__time wp-block-uagb-countdown__time-hours\">&#8211;<\/div><div class=\"wp-block-uagb-countdown__label\">HOURS<\/div><\/div><div class=\"wp-block-uagb-countdown__box wp-block-uagb-countdown__box-minutes\"><div role=\"timer\" aria-live=\"off\" class=\"wp-block-uagb-countdown__time wp-block-uagb-countdown__time-minutes\">&#8211;<\/div><div class=\"wp-block-uagb-countdown__label\">MINUTES<\/div><\/div><div class=\"wp-block-uagb-countdown__box wp-block-uagb-countdown__box-seconds\"><div role=\"timer\" aria-live=\"off\" class=\"wp-block-uagb-countdown__time wp-block-uagb-countdown__time-seconds\">&#8211;<\/div><div class=\"wp-block-uagb-countdown__label\">SECONDS<\/div><\/div><\/div>\n\n\n\n<div class=\"wp-block-uagb-image uagb-block-306c5943 wp-block-uagb-image--layout-default wp-block-uagb-image--effect-static wp-block-uagb-image--align-none\"><figure class=\"wp-block-uagb-image__figure\"><img decoding=\"async\" srcset=\"https:\/\/site22.monsitecommeunpro.fr\/wp-content\/uploads\/2026\/03\/canoeing-in-the-gorges-du-verdon.jpg ,https:\/\/site22.monsitecommeunpro.fr\/wp-content\/uploads\/2026\/03\/canoeing-in-the-gorges-du-verdon.jpg 780w, https:\/\/site22.monsitecommeunpro.fr\/wp-content\/uploads\/2026\/03\/canoeing-in-the-gorges-du-verdon.jpg 360w\" sizes=\"auto, (max-width: 480px) 150px\" src=\"https:\/\/site22.monsitecommeunpro.fr\/wp-content\/uploads\/2026\/03\/canoeing-in-the-gorges-du-verdon.jpg\" alt=\"\" class=\"uag-image-117\" width=\"676\" height=\"337\" title=\"canoeing-in-the-gorges-du-verdon\" loading=\"lazy\" role=\"img\"\/><\/figure><\/div>\n\n\n\n<p><\/p>\n\n\n\n<p class=\"has-text-align-center\">Eeeeh oui nous vous proposons un chaleureux s\u00e9jour dans les Gorges du Verdon mais attention on y va pas seulement pour se d\u00e9tendre !!!<\/p>\n\n\n\n<div class=\"wp-block-media-text is-stacked-on-mobile\"><figure class=\"wp-block-media-text__media\"><img loading=\"lazy\" decoding=\"async\" width=\"1024\" height=\"682\" src=\"https:\/\/site22.monsitecommeunpro.fr\/wp-content\/uploads\/2026\/03\/Verdon_Gorge_1-1024x682.jpg\" alt=\"\" class=\"wp-image-120 size-full\" srcset=\"https:\/\/site22.monsitecommeunpro.fr\/wp-content\/uploads\/2026\/03\/Verdon_Gorge_1-1024x682.jpg 1024w, https:\/\/site22.monsitecommeunpro.fr\/wp-content\/uploads\/2026\/03\/Verdon_Gorge_1-300x200.jpg 300w, https:\/\/site22.monsitecommeunpro.fr\/wp-content\/uploads\/2026\/03\/Verdon_Gorge_1-768x512.jpg 768w, https:\/\/site22.monsitecommeunpro.fr\/wp-content\/uploads\/2026\/03\/Verdon_Gorge_1.jpg 1280w\" sizes=\"auto, (max-width: 1024px) 100vw, 1024px\" \/><\/figure><div class=\"wp-block-media-text__content\">\n<p class=\"has-text-align-center has-small-font-size\" style=\"border-width:2px\">En termes de programmes nous avons pens\u00e9 aux niveaux de chacun mais cela principalement des randonn\u00e9es sur des sentiers plus ou moins compliqu\u00e9s. Cependant le niveau de recommandation en termes de mat\u00e9riels et de technicit\u00e9s est le m\u00eame pour tous.<\/p>\n<\/div><\/div>\n\n\n\n<p><\/p>\n\n\n\n<div class=\"wp-block-uagb-inline-notice uagb-inline_notice__align-left uagb-block-876cbc9f\"><button class=\"uagb-notice-close-button\" type=\"button\" aria-label=\"Close\"><\/button><h4 class=\"uagb-notice-title\">Voici une liste des \u00e9quipements et tous les points importants \u00e0 conna\u00eetre avant de s&rsquo;engager sur votre inscription. (Mat\u00e9riels et Techniques)<\/h4><div class=\"uagb-notice-text\">\n<p class=\"has-small-font-size\"><strong>\ud83c\udf92 Mat\u00e9riel recommand\u00e9<\/strong><br><br>Pour garantir votre confort et votre s\u00e9curit\u00e9 durant les randonn\u00e9es :<br><br>Chaussures de randonn\u00e9e adapt\u00e9es (bonne adh\u00e9rence recommand\u00e9e)<br>Sac \u00e0 dos confortable<br>Gourde ou poche \u00e0 eau (minimum 1L \u00e0 2L)<br>V\u00eatements adapt\u00e9s \u00e0 la m\u00e9t\u00e9o (respirants, imperm\u00e9ables si besoin)<br>Casquette \/ bonnet selon la saison<br>Protection solaire (cr\u00e8me, lunettes)<br>En-cas \u00e9nerg\u00e9tiques (barres, fruits secs\u2026)<br><br><em>Optionnel :<\/em><br><br>B\u00e2tons de randonn\u00e9e (fortement conseill\u00e9s pour les d\u00e9butants)<br>Veste coupe-vent \/ imperm\u00e9able<br>Montre ou application de suivi<\/p>\n\n\n\n<p class=\"has-small-font-size\"><br><strong>\ud83d\udee0\ufe0f Techniques &amp; Bonnes Pratiques en Randonn\u00e9e<\/strong><br>Pour garantir la s\u00e9curit\u00e9 de tous et profiter pleinement de l\u2019exp\u00e9rience, certaines r\u00e8gles simples mais essentielles doivent \u00eatre respect\u00e9es :<br><br><strong>\ud83d\udeb6\u200d\u2642\ufe0f Comportement sur les sentiers<\/strong><br>Rester sur les chemins balis\u00e9s<br>Ne pas courir dans les descentes, surtout sur terrain instable<br>Garder une distance de s\u00e9curit\u00e9 avec les autres participants<br>Adapter son allure en fonction du terrain et du groupe<br><br><strong>\u26f0\ufe0f S\u00e9curit\u00e9 en environnement naturel<\/strong><br>\u274c Ne jamais jeter de cailloux, surtout en bord de falaise ou en hauteur (risque grave pour les personnes en contrebas)<br>\u274c Ne pas s\u2019approcher trop pr\u00e8s des bords ou zones dangereuses<br>\u26a0\ufe0f Faire attention aux terrains glissants (boue, feuilles, rochers)<br>\u2714\ufe0f Toujours regarder o\u00f9 vous mettez les pieds<\/p>\n<\/div><\/div>\n\n\n\n<p><\/p>\n\n\n\n<p>Maintenant que tu en sais un peu plus sur le proc\u00e9der de notre s\u00e9jour, plus qu&rsquo;\u00e0 vous faire d\u00e9couvrir le plus important pour vous. <\/p>\n\n\n\n<p>Ceci est personnel alors, incluez-vous dans le groupe auquel vous avez le plus de feeling en termes d&rsquo;activit\u00e9s sur les journ\u00e9es afin que vous profitez \u00e0 fond de votre week-end.<\/p>\n\n\n\n<p><\/p>\n\n\n\n<div class=\"wp-block-media-text is-stacked-on-mobile\"><figure class=\"wp-block-media-text__media\"><img loading=\"lazy\" decoding=\"async\" width=\"800\" height=\"600\" src=\"https:\/\/site22.monsitecommeunpro.fr\/wp-content\/uploads\/2026\/03\/1286483721_262588899_800x800-crop0.jpg\" alt=\"\" class=\"wp-image-124 size-full\" srcset=\"https:\/\/site22.monsitecommeunpro.fr\/wp-content\/uploads\/2026\/03\/1286483721_262588899_800x800-crop0.jpg 800w, https:\/\/site22.monsitecommeunpro.fr\/wp-content\/uploads\/2026\/03\/1286483721_262588899_800x800-crop0-300x225.jpg 300w, https:\/\/site22.monsitecommeunpro.fr\/wp-content\/uploads\/2026\/03\/1286483721_262588899_800x800-crop0-768x576.jpg 768w\" sizes=\"auto, (max-width: 800px) 100vw, 800px\" \/><\/figure><div class=\"wp-block-media-text__content\">\n<p class=\"has-small-font-size\">Expert : Sentier de l&rsquo;Imbut <br>Le sentier de l&rsquo;Imbut, situ\u00e9 au c\u0153ur des Gorges du Verdon, est un des parcours les plus connus du canyon. Son nom vient d&rsquo;un mot proven\u00e7al signifiant \u00ab entonnoir \u00bb, en r\u00e9f\u00e9rence \u00e0 l&rsquo;\u00e9troitesse extr\u00eame de la gorge o\u00f9 la rivi\u00e8re dispara\u00eet parfois sous les blocs rocheux. Le chemin d\u00e9bute en g\u00e9n\u00e9ral au parking des Cavaliers, d&rsquo;o\u00f9 l&rsquo;on descend vers le Verdon avant de longer la rive gauche sur un itin\u00e9raire sauvage, encaiss\u00e9 et tr\u00e8s min\u00e9ral.<\/p>\n<\/div><\/div>\n\n\n\n<div class=\"wp-block-media-text has-media-on-the-right is-stacked-on-mobile\" style=\"grid-template-columns:auto 31%\"><div class=\"wp-block-media-text__content\">\n<p class=\"has-small-font-size\">D\u00e9butant : Sentier Blanc Martel <br>II relie le Chalet de la Maline (pr\u00e8s de La Palud-sur-Verdon) au Point Sublime (ou au village de Rougon selon l&rsquo;option) : c&rsquo;est un aller simple d&rsquo;environ 15 \u00e0 16 km. L&rsquo;acc\u00e8s s&rsquo;effectue depuis La Palud-sur-Verdon, via le Chalet de la Maline &#8211; en voiture ou en navette (navette assur\u00e9e d&rsquo;avril \u00e0 novembre). Ce sentier s&rsquo;enfonce dans le canyon, alternant falaises, tunnels, passages \u00e9troits, escaliers: il fournit un acc\u00e8s direct spectaculaire au Verdon.<\/p>\n<\/div><figure class=\"wp-block-media-text__media\"><img loading=\"lazy\" decoding=\"async\" width=\"819\" height=\"1024\" src=\"https:\/\/site22.monsitecommeunpro.fr\/wp-content\/uploads\/2026\/03\/sentier-martel4.jpg-2-819x1024.webp\" alt=\"\" class=\"wp-image-125 size-full\" srcset=\"https:\/\/site22.monsitecommeunpro.fr\/wp-content\/uploads\/2026\/03\/sentier-martel4.jpg-2-819x1024.webp 819w, https:\/\/site22.monsitecommeunpro.fr\/wp-content\/uploads\/2026\/03\/sentier-martel4.jpg-2-240x300.webp 240w, https:\/\/site22.monsitecommeunpro.fr\/wp-content\/uploads\/2026\/03\/sentier-martel4.jpg-2-768x961.webp 768w, https:\/\/site22.monsitecommeunpro.fr\/wp-content\/uploads\/2026\/03\/sentier-martel4.jpg-2.webp 1080w\" sizes=\"auto, (max-width: 819px) 100vw, 819px\" \/><\/figure><\/div>\n\n\n\n<div class=\"wp-block-media-text is-stacked-on-mobile\"><figure class=\"wp-block-media-text__media\"><img loading=\"lazy\" decoding=\"async\" width=\"276\" height=\"183\" src=\"https:\/\/site22.monsitecommeunpro.fr\/wp-content\/uploads\/2026\/03\/images-3.jpeg\" alt=\"\" class=\"wp-image-123 size-full\"\/><\/figure><div class=\"wp-block-media-text__content\">\n<p class=\"has-small-font-size\">Loisir : Sentier Vidal Le Sentier <br>Vidal est une voie d&rsquo;acc\u00e8s \/ de sortie du canyon du Verdon, qui rejoint le Sentier de l&rsquo;Imbut. Ce sentier porte le nom d&rsquo;un ing\u00e9nieur fran\u00e7ais ayant travaill\u00e9 aux am\u00e9nagements hydrologiques des Gorges au d\u00e9but du XX\u00ae si\u00e8cle. Historiquement, il aurait probablement \u00e9t\u00e9 utilis\u00e9 comme voie de secours pour acc\u00e9der aux zones de travail en cas d&rsquo;accident.<\/p>\n<\/div><\/div>\n\n\n\n<p><\/p>\n\n\n<a class=\"wp-elements-63056f282f2b1e91ebcf97bffcd38a67 wp-block-read-more has-text-color has-luminous-vivid-amber-color\" href=\"https:\/\/site22.monsitecommeunpro.fr\/?page_id=116\" target=\"_self\">A pr\u00e9sent clique ci-dessous pour ton inscription<span class=\"screen-reader-text\">\u00a0: S\u00e9jour aux Gorges<\/span><\/a>\n\n\n<div class=\"wp-block-file\"><a id=\"wp-block-file--media-0d41ab53-0ac3-41e6-bc41-32e745ddccd2\" href=\"https:\/\/site22.monsitecommeunpro.fr\/wp-content\/uploads\/2026\/03\/bulletin-dinscription.docx\">Bulletin d&rsquo;inscription Gorges du Verdon<\/a><a href=\"https:\/\/site22.monsitecommeunpro.fr\/wp-content\/uploads\/2026\/03\/bulletin-dinscription.docx\" class=\"wp-block-file__button wp-element-button\" download aria-describedby=\"wp-block-file--media-0d41ab53-0ac3-41e6-bc41-32e745ddccd2\">T\u00e9l\u00e9charger<\/a><\/div>\n\n\n\n<p>Nos r\u00e9seaux sociaux :<\/p>\n\n\n\n<ul class=\"wp-block-social-links is-layout-flex wp-block-social-links-is-layout-flex\">\n\n\n\n<\/ul>\n\n\n\n<p><\/p>\n","protected":false},"excerpt":{"rendered":"<p>Votre salle de sport pr\u00e9f\u00e9r\u00e9 sera ferm\u00e9 du 14\/05 au 17\/05 Avec le club comme inform\u00e9 sur les affiches \u00e0 [&hellip;]<\/p>\n","protected":false},"author":1,"featured_media":0,"parent":0,"menu_order":0,"comment_status":"closed","ping_status":"closed","template":"","meta":{"_surecart_dashboard_logo_width":"180px","_surecart_dashboard_show_logo":true,"_surecart_dashboard_navigation_orders":true,"_surecart_dashboard_navigation_invoices":true,"_surecart_dashboard_navigation_subscriptions":true,"_surecart_dashboard_navigation_downloads":true,"_surecart_dashboard_navigation_billing":true,"_surecart_dashboard_navigation_account":true,"_uag_custom_page_level_css":"","site-sidebar-layout":"default","site-content-layout":"","ast-site-content-layout":"default","site-content-style":"default","site-sidebar-style":"default","ast-global-header-display":"","ast-banner-title-visibility":"","ast-main-header-display":"","ast-hfb-above-header-display":"","ast-hfb-below-header-display":"","ast-hfb-mobile-header-display":"","site-post-title":"","ast-breadcrumbs-content":"","ast-featured-img":"","footer-sml-layout":"","ast-disable-related-posts":"","theme-transparent-header-meta":"","adv-header-id-meta":"","stick-header-meta":"","header-above-stick-meta":"","header-main-stick-meta":"","header-below-stick-meta":"","astra-migrate-meta-layouts":"default","ast-page-background-enabled":"default","ast-page-background-meta":{"desktop":{"background-color":"var(--ast-global-color-5)","background-image":"","background-repeat":"repeat","background-position":"center center","background-size":"auto","background-attachment":"scroll","background-type":"","background-media":"","overlay-type":"","overlay-color":"","overlay-opacity":"","overlay-gradient":""},"tablet":{"background-color":"","background-image":"","background-repeat":"repeat","background-position":"center center","background-size":"auto","background-attachment":"scroll","background-type":"","background-media":"","overlay-type":"","overlay-color":"","overlay-opacity":"","overlay-gradient":""},"mobile":{"background-color":"","background-image":"","background-repeat":"repeat","background-position":"center center","background-size":"auto","background-attachment":"scroll","background-type":"","background-media":"","overlay-type":"","overlay-color":"","overlay-opacity":"","overlay-gradient":""}},"ast-content-background-meta":{"desktop":{"background-color":"var(--ast-global-color-4)","background-image":"","background-repeat":"repeat","background-position":"center center","background-size":"auto","background-attachment":"scroll","background-type":"","background-media":"","overlay-type":"","overlay-color":"","overlay-opacity":"","overlay-gradient":""},"tablet":{"background-color":"var(--ast-global-color-4)","background-image":"","background-repeat":"repeat","background-position":"center center","background-size":"auto","background-attachment":"scroll","background-type":"","background-media":"","overlay-type":"","overlay-color":"","overlay-opacity":"","overlay-gradient":""},"mobile":{"background-color":"var(--ast-global-color-4)","background-image":"","background-repeat":"repeat","background-position":"center center","background-size":"auto","background-attachment":"scroll","background-type":"","background-media":"","overlay-type":"","overlay-color":"","overlay-opacity":"","overlay-gradient":""}},"footnotes":""},"class_list":["post-116","page","type-page","status-publish","hentry"],"yoast_head":"<!-- This site is optimized with the Yoast SEO plugin v27.0 - https:\/\/yoast.com\/product\/yoast-seo-wordpress\/ -->\n<title>S\u00e9jour aux Gorges -<\/title>\n<meta name=\"robots\" content=\"index, follow, max-snippet:-1, max-image-preview:large, max-video-preview:-1\" \/>\n<link rel=\"canonical\" href=\"https:\/\/site22.monsitecommeunpro.fr\/?page_id=116\" \/>\n<meta property=\"og:locale\" content=\"fr_FR\" \/>\n<meta property=\"og:type\" content=\"article\" \/>\n<meta property=\"og:title\" content=\"S\u00e9jour aux Gorges -\" \/>\n<meta property=\"og:description\" content=\"Votre salle de sport pr\u00e9f\u00e9r\u00e9 sera ferm\u00e9 du 14\/05 au 17\/05 Avec le club comme inform\u00e9 sur les affiches \u00e0 [&hellip;]\" \/>\n<meta property=\"og:url\" content=\"https:\/\/site22.monsitecommeunpro.fr\/?page_id=116\" \/>\n<meta property=\"article:modified_time\" content=\"2026-03-23T13:40:23+00:00\" \/>\n<meta property=\"og:image\" content=\"https:\/\/site22.monsitecommeunpro.fr\/wp-content\/uploads\/2026\/03\/canoeing-in-the-gorges-du-verdon.jpg\" \/>\n<meta name=\"twitter:card\" content=\"summary_large_image\" \/>\n<meta name=\"twitter:label1\" content=\"Dur\u00e9e de lecture estim\u00e9e\" \/>\n\t<meta name=\"twitter:data1\" content=\"3 minutes\" \/>\n<script type=\"application\/ld+json\" class=\"yoast-schema-graph\">{\"@context\":\"https:\/\/schema.org\",\"@graph\":[{\"@type\":\"WebPage\",\"@id\":\"https:\/\/site22.monsitecommeunpro.fr\/?page_id=116\",\"url\":\"https:\/\/site22.monsitecommeunpro.fr\/?page_id=116\",\"name\":\"S\u00e9jour aux Gorges -\",\"isPartOf\":{\"@id\":\"https:\/\/site22.monsitecommeunpro.fr\/#website\"},\"primaryImageOfPage\":{\"@id\":\"https:\/\/site22.monsitecommeunpro.fr\/?page_id=116#primaryimage\"},\"image\":{\"@id\":\"https:\/\/site22.monsitecommeunpro.fr\/?page_id=116#primaryimage\"},\"thumbnailUrl\":\"https:\/\/site22.monsitecommeunpro.fr\/wp-content\/uploads\/2026\/03\/canoeing-in-the-gorges-du-verdon.jpg\",\"datePublished\":\"2026-03-23T12:27:11+00:00\",\"dateModified\":\"2026-03-23T13:40:23+00:00\",\"breadcrumb\":{\"@id\":\"https:\/\/site22.monsitecommeunpro.fr\/?page_id=116#breadcrumb\"},\"inLanguage\":\"fr-FR\",\"potentialAction\":[{\"@type\":\"ReadAction\",\"target\":[\"https:\/\/site22.monsitecommeunpro.fr\/?page_id=116\"]}]},{\"@type\":\"ImageObject\",\"inLanguage\":\"fr-FR\",\"@id\":\"https:\/\/site22.monsitecommeunpro.fr\/?page_id=116#primaryimage\",\"url\":\"https:\/\/site22.monsitecommeunpro.fr\/wp-content\/uploads\/2026\/03\/canoeing-in-the-gorges-du-verdon.jpg\",\"contentUrl\":\"https:\/\/site22.monsitecommeunpro.fr\/wp-content\/uploads\/2026\/03\/canoeing-in-the-gorges-du-verdon.jpg\",\"width\":850,\"height\":638},{\"@type\":\"BreadcrumbList\",\"@id\":\"https:\/\/site22.monsitecommeunpro.fr\/?page_id=116#breadcrumb\",\"itemListElement\":[{\"@type\":\"ListItem\",\"position\":1,\"name\":\"Accueil\",\"item\":\"https:\/\/site22.monsitecommeunpro.fr\/\"},{\"@type\":\"ListItem\",\"position\":2,\"name\":\"S\u00e9jour aux Gorges\"}]},{\"@type\":\"WebSite\",\"@id\":\"https:\/\/site22.monsitecommeunpro.fr\/#website\",\"url\":\"https:\/\/site22.monsitecommeunpro.fr\/\",\"name\":\"\",\"description\":\"\",\"potentialAction\":[{\"@type\":\"SearchAction\",\"target\":{\"@type\":\"EntryPoint\",\"urlTemplate\":\"https:\/\/site22.monsitecommeunpro.fr\/?s={search_term_string}\"},\"query-input\":{\"@type\":\"PropertyValueSpecification\",\"valueRequired\":true,\"valueName\":\"search_term_string\"}}],\"inLanguage\":\"fr-FR\"}]}<\/script>\n<!-- \/ Yoast SEO plugin. -->","yoast_head_json":{"title":"S\u00e9jour aux Gorges -","robots":{"index":"index","follow":"follow","max-snippet":"max-snippet:-1","max-image-preview":"max-image-preview:large","max-video-preview":"max-video-preview:-1"},"canonical":"https:\/\/site22.monsitecommeunpro.fr\/?page_id=116","og_locale":"fr_FR","og_type":"article","og_title":"S\u00e9jour aux Gorges -","og_description":"Votre salle de sport pr\u00e9f\u00e9r\u00e9 sera ferm\u00e9 du 14\/05 au 17\/05 Avec le club comme inform\u00e9 sur les affiches \u00e0 [&hellip;]","og_url":"https:\/\/site22.monsitecommeunpro.fr\/?page_id=116","article_modified_time":"2026-03-23T13:40:23+00:00","og_image":[{"url":"https:\/\/site22.monsitecommeunpro.fr\/wp-content\/uploads\/2026\/03\/canoeing-in-the-gorges-du-verdon.jpg","type":"","width":"","height":""}],"twitter_card":"summary_large_image","twitter_misc":{"Dur\u00e9e de lecture estim\u00e9e":"3 minutes"},"schema":{"@context":"https:\/\/schema.org","@graph":[{"@type":"WebPage","@id":"https:\/\/site22.monsitecommeunpro.fr\/?page_id=116","url":"https:\/\/site22.monsitecommeunpro.fr\/?page_id=116","name":"S\u00e9jour aux Gorges -","isPartOf":{"@id":"https:\/\/site22.monsitecommeunpro.fr\/#website"},"primaryImageOfPage":{"@id":"https:\/\/site22.monsitecommeunpro.fr\/?page_id=116#primaryimage"},"image":{"@id":"https:\/\/site22.monsitecommeunpro.fr\/?page_id=116#primaryimage"},"thumbnailUrl":"https:\/\/site22.monsitecommeunpro.fr\/wp-content\/uploads\/2026\/03\/canoeing-in-the-gorges-du-verdon.jpg","datePublished":"2026-03-23T12:27:11+00:00","dateModified":"2026-03-23T13:40:23+00:00","breadcrumb":{"@id":"https:\/\/site22.monsitecommeunpro.fr\/?page_id=116#breadcrumb"},"inLanguage":"fr-FR","potentialAction":[{"@type":"ReadAction","target":["https:\/\/site22.monsitecommeunpro.fr\/?page_id=116"]}]},{"@type":"ImageObject","inLanguage":"fr-FR","@id":"https:\/\/site22.monsitecommeunpro.fr\/?page_id=116#primaryimage","url":"https:\/\/site22.monsitecommeunpro.fr\/wp-content\/uploads\/2026\/03\/canoeing-in-the-gorges-du-verdon.jpg","contentUrl":"https:\/\/site22.monsitecommeunpro.fr\/wp-content\/uploads\/2026\/03\/canoeing-in-the-gorges-du-verdon.jpg","width":850,"height":638},{"@type":"BreadcrumbList","@id":"https:\/\/site22.monsitecommeunpro.fr\/?page_id=116#breadcrumb","itemListElement":[{"@type":"ListItem","position":1,"name":"Accueil","item":"https:\/\/site22.monsitecommeunpro.fr\/"},{"@type":"ListItem","position":2,"name":"S\u00e9jour aux Gorges"}]},{"@type":"WebSite","@id":"https:\/\/site22.monsitecommeunpro.fr\/#website","url":"https:\/\/site22.monsitecommeunpro.fr\/","name":"","description":"","potentialAction":[{"@type":"SearchAction","target":{"@type":"EntryPoint","urlTemplate":"https:\/\/site22.monsitecommeunpro.fr\/?s={search_term_string}"},"query-input":{"@type":"PropertyValueSpecification","valueRequired":true,"valueName":"search_term_string"}}],"inLanguage":"fr-FR"}]}},"uagb_featured_image_src":{"full":false,"thumbnail":false,"medium":false,"medium_large":false,"large":false,"1536x1536":false,"2048x2048":false},"uagb_author_info":{"display_name":"admin","author_link":"https:\/\/site22.monsitecommeunpro.fr\/?author=1"},"uagb_comment_info":0,"uagb_excerpt":"Votre salle de sport pr\u00e9f\u00e9r\u00e9 sera ferm\u00e9 du 14\/05 au 17\/05 Avec le club comme inform\u00e9 sur les affiches \u00e0 [&hellip;]","_links":{"self":[{"href":"https:\/\/site22.monsitecommeunpro.fr\/index.php?rest_route=\/wp\/v2\/pages\/116","targetHints":{"allow":["GET"]}}],"collection":[{"href":"https:\/\/site22.monsitecommeunpro.fr\/index.php?rest_route=\/wp\/v2\/pages"}],"about":[{"href":"https:\/\/site22.monsitecommeunpro.fr\/index.php?rest_route=\/wp\/v2\/types\/page"}],"author":[{"embeddable":true,"href":"https:\/\/site22.monsitecommeunpro.fr\/index.php?rest_route=\/wp\/v2\/users\/1"}],"replies":[{"embeddable":true,"href":"https:\/\/site22.monsitecommeunpro.fr\/index.php?rest_route=%2Fwp%2Fv2%2Fcomments&post=116"}],"version-history":[{"count":4,"href":"https:\/\/site22.monsitecommeunpro.fr\/index.php?rest_route=\/wp\/v2\/pages\/116\/revisions"}],"predecessor-version":[{"id":129,"href":"https:\/\/site22.monsitecommeunpro.fr\/index.php?rest_route=\/wp\/v2\/pages\/116\/revisions\/129"}],"wp:attachment":[{"href":"https:\/\/site22.monsitecommeunpro.fr\/index.php?rest_route=%2Fwp%2Fv2%2Fmedia&parent=116"}],"curies":[{"name":"wp","href":"https:\/\/api.w.org\/{rel}","templated":true}]}}